2 a factor of 1232?
True
Is 2 a factor of 64?
True
Is 2216 a multiple of 8?
True
Is 1190 a multiple of 80?
False
Does 17 divide 430?
False
Is 326 a multiple of 5?
False
Does 32 divide 224?
True
Is 116 a factor of 76676?
True
Does 18 divide 18616?
False
Is 10 a factor of 321?
False
Does 439 divide 56637?
False
Is 684 a multiple of 18?
True
Is 101 a factor of 5601?
False
Is 26 a factor of 4506?
False
Does 214 divide 8469?
False
Is 8 a factor of 775?
False
Does 24 divide 9617?
False
Does 11 divide 73181?
False
Is 11 a factor of 792?
True
Does 19 divide 28405?
True
Is 38 a factor of 11101?
False
Does 40 divide 160?
True
Does 58 divide 1102?
True
Is 13228 a multiple of 14?
False
Is 63 a factor of 107100?
True
Is 67 a factor of 1439?
False
Is 6624 a multiple of 5?
False
Is 5 a factor of 261?
False
Is 59 a factor of 295?
True
Does 159 divide 2666?
False
Is 5 a factor of 522?
False
Is 25004 a multiple of 19?
True
Is 52 even?
True
Does 176 divide 68484?
False
Is 3432 a multiple of 132?
True
Is 7313 a multiple of 185?
False
Does 4 divide 18228?
True
Does 27 divide 1234?
False
Does 30 divide 49350?
True
Does 3 divide 9?
True
Does 41 divide 4223?
True
Is 10 a factor of 729?
False
Does 12 divide 444?
True
Does 70 divide 4690?
True
Is 218 a multiple of 7?
False
Is 3873 a multiple of 7?
False
Does 149 divide 3291?
False
Is 8677 a multiple of 5?
False
Is 48 a factor of 80079?
False
Is 24 a factor of 3864?
True
Is 461 a multiple of 12?
False
Is 1690 a multiple of 26?
True
Does 122 divide 20056?
False
Is 406 a multiple of 14?
True
Does 81 divide 243?
True
Is 14739 a multiple of 7?
False
Does 44 divide 35567?
False
Does 36 divide 81648?
True
Does 61 divide 1733?
False
Is 26 a factor of 178?
False
Does 20 divide 866?
False
Is 756 a multiple of 21?
True
Does 19 divide 366?
False
Does 13 divide 2366?
True
Is 17248 a multiple of 14?
True
Does 48 divide 504?
False
Is 129 a multiple of 7?
False
Is 11292 a multiple of 16?
False
Does 4 divide 66?
False
Is 12 a factor of 1452?
True
Does 45 divide 4860?
True
Is 345 a factor of 33465?
True
Is 43 a factor of 989?
True
Does 74 divide 16872?
True
Does 164 divide 12243?
False
Is 212 a multiple of 27?
False
Is 15 a factor of 71340?
True
Does 2 divide 37?
False
Is 85 a factor of 17569?
False
Does 32 divide 1600?
True
Does 5 divide 7896?
False
Is 7735 a multiple of 85?
True
Is 37 a factor of 694?
False
Is 53 a factor of 742?
True
Does 62 divide 4402?
True
Is 13 a factor of 47124?
False
Is 6534 a multiple of 22?
True
Is 12 a factor of 497?
False
Does 20 divide 80?
True
Does 22 divide 484?
True
Is 23490 a multiple of 58?
True
Is 17 a factor of 847?
False
Does 4 divide 560?
True
Does 84 divide 1344?
True
Does 22 divide 1770?
False
Is 55 a factor of 1650?
True
Does 14 divide 93464?
True
Is 16046 a multiple of 84?
False
Is 7932 a multiple of 4?
True
Does 140 divide 49583?
False
Is 3 a factor of 3016?
False
Is 28 a factor of 7793?
False
Is 62814 a multiple of 30?
False
Is 23423 a multiple of 70?
False
Is 192 a multiple of 38?
False
Does 7 divide 1726?
False
Does 53 divide 4346?
True
Is 21 a factor of 1008?
True
Does 8 divide 8007?
False
Is 3 a factor of 8038?
False
Is 540 a multiple of 54?
True
Does 4 divide 319?
False
Is 228 a multiple of 13?
False
Is 45 a factor of 1665?
True
Is 16320 a multiple of 68?
True
Does 5 divide 219?
False
Is 54173 a multiple of 12?
False
Is 17120 a multiple of 169?
False
Is 28 a factor of 1036?
True
Is 23 a factor of 1265?
True
Is 4 a factor of 69?
False
Is 6 a factor of 358?
False
Does 2 divide 69?
False
Is 13 a factor of 57278?
True
Is 2 a factor of 29?
False
Does 84 divide 5712?
True
Is 9 a factor of 365?
False
Is 9 a factor of 873?
True
Is 1630 a multiple of 84?
False
Is 28 a multiple of 3?
False
Does 12 divide 24428?
False
Does 267 divide 55536?
True
Is 110 a multiple of 2?
True
Is 1344 a multiple of 12?
True
Is 2558 a multiple of 26?
False
Is 1058 a multiple of 22?
False
Is 8 a factor of 421?
False
Does 137 divide 16166?
True
Is 14 a factor of 107705?
False
Does 21 divide 3339?
True
Is 15 a factor of 6038?
False
Is 10 a factor of 48480?
True
Does 5 divide 4691?
False
Is 11 a factor of 5214?
True
Is 434 a multiple of 31?
True
Is 1389 a multiple of 57?
False
Is 2128 a multiple of 7?
True
Does 19 divide 28797?
False
Does 76 divide 1672?
True
Is 4 a factor of 24?
True
Does 16 divide 32576?
True
Is 3 a factor of 1890?
True
Is 166 a multiple of 2?
True
Does 2 divide 129?
False
Is 139 a multiple of 13?
False
Does 13 divide 58019?
True
Is 18359 a multiple of 22?
False
Does 46 divide 19412?
True
Is 1980 a multiple of 30?
True
Does 21 divide 274?
False
Is 9 a factor of 1872?
True
Is 1318 a multiple of 68?
False
Is 20 a factor of 4840?
True
Is 182 a factor of 9277?
False
Does 12 divide 16338?
False
Does 115 divide 3723?
False
Is 34 a factor of 450?
False
Is 1762 a multiple of 23?
False
Is 14555 a multiple of 71?
True
Is 9 a factor of 5427?
True
Is 19 a factor of 3280?
False
Does 10 divide 213?
False
Does 297 divide 74523?
False
Does 36 divide 4644?
True
Is 11 a factor of 27585?
False
Is 13 a factor of 1179?
False
Is 116 a factor of 15633?
False
Is 5 a factor of 4560?
True
Is 33 a factor of 3250?
False
Does 15 divide 15270?
True
Is 3680 a multiple of 46?
True
Does 21 divide 11802?
True
Is 51 a multiple of 2?
False
Is 95 a factor of 13435?
False
Does 81 divide 2661?
False
Is 8 a factor of 2504?
True
Is 106196 a multiple of 278?
True
Is 13 a factor of 1716?
True
Does 11 divide 2771?
False
Is 13 a factor of 8164?
True
Is 71 a factor of 23861?
False
Does 6 divide 12320?
False
Is 78 a factor of 2075?
False
Is 30 a factor of 4656?
False
Is 686 even?
True
Does 85 divide 1615?
True
Is 19065 a multiple of 123?
True
Does 61 divide 9006?
False
Does 29 divide 1624?
True
Does 82 divide 59388?
False
Is 36 a factor of 54972?
True
Does 23 divide 5658?
True
Is 2160 a multiple of 120?
True
Is 8 a factor of 682?
False
Does 64 divide 3357?
False
Is 9140 a multiple of 14?
False
Does 15 divide 840?
True
Does 13 divide 1560?
True
Is 1140 a multiple of 38?
True
Is 20 a factor of 2580?
True
Is 23940 a multiple of 70?
True
Does 22 divide 374?
True
Does 99 divide 29205?
True
Is 3 a factor of 633?
True
Is 14 a factor of 20029?
False
Is 2200 a multiple of 10?
True
Is 68 a factor of 4321?
False
Does 34 divide 1360?
True
Does 55 divide 28897?
False
Is 1732 a multiple of 15?
False
Is 2160 a multiple of 5?
True
Is 10 a factor of 170?
True
Is 550 a multiple of 5?
True
Does 30 divide 38?
False
Does 75 divide 2250?
True
Is 26352 a multiple of 9?
True
Is 13 a factor of 1937?
True
Does 14 divide 3332?
True
Does 60 divide 3071?
False
Is 22 a factor of 1250?
False
Does 116 divide 19372?
True
Is 42 a factor of 3368?
False
Is 9 a factor of 7350?
False
Is 11113 a multiple of 102?
False
Does 260 divide 21580?
True
Is 2 a factor of 11148?
True
Is 16 a factor of 3184?
True
Is 8891 a multiple of 15?
False
Is 61 a factor of 3721?
True
Does 119 divide 26580?
False
Is 39317 a multiple of 13?
False
Does 38 divide 17202?
False
Does 242 divide 60500?
True
Is 253 even?
False
Is 798 a multiple of 6?
True
Does 3 divide 747?
True
Does 8 divide 528?
True
Is 4993 a multiple of 163?
False
Does 3 divide 1737?
True
Is 19 a factor of 1197?
True
Does 37 divide 777?
True
Is 10 a factor of 4691?
False
Does 42 divide 26502?
True
Does 40 divide 8960?
True
Is 7 a factor of 756?
True
Is 43 a factor of 430?
True
Does 22 divide 1010?
False
Is 6325 a multiple of 23?
True
Is 61 a factor of 20439?
False
Does 28 divide 616?
True
Is 8 a factor of 600?
True
Is 6 a factor of 1716?
True
Is 40 a factor of 2618?
False
Is 247 a factor of 2223?
True
Does 46 divide 19550?
True
Does 25 divide 1100?
True
Is 29009 a multiple of 252?
False
Does 13 divide 366?
False
Is 211 a factor of 80781?
False
Does 92 divide 527?
False
Is 272 a multiple of 13?
False
Is 231 a multiple of 5?
False
Does 121 divide 5474?
False
Does 88 divide 24640?
True
Is 17 a factor of 628?
False
Is 19 a factor of 2022?
False
Is 2944 a multiple of 32?
True
Is 5 a factor of 12614?
False
Does 11 divide 45?
False
Does 236 divide 28320?
True
Does 13 divide 429?
True
Is 70 a factor of 2354?
False
Is 196 a multiple of 7?
True
Is 135722 a multiple of 79?
True
Is 66880 a multiple of 80?
True
Does 25 divide 2000?
True
Is 73 a factor of 